 digit of 11343944?
4
What is the thousands digit of 137398?
7
What is the thousands digit of 233432?
3
What is the tens digit of 827557?
5
What is the thousands digit of 473402?
3
What is the hundreds digit of 180790?
7
What is the ten thousands digit of 220694?
2
What is the tens digit of 463466?
6
What is the hundreds digit of 180354?
3
What is the tens digit of 5376786?
8
What is the hundreds digit of 212125?
1
What is the millions digit of 36242855?
6
What is the hundred thousands digit of 27446752?
4
What is the thousands digit of 79524?
9
What is the ten thousands digit of 4316858?
1
What is the tens digit of 899517?
1
What is the tens digit of 3116025?
2
What is the ten thousands digit of 3997862?
9
What is the hundreds digit of 3229254?
2
What is the units digit of 835769?
9
What is the units digit of 952956?
6
What is the tens digit of 904073?
7
What is the units digit of 137967?
7
What is the thousands digit of 2100424?
0
What is the hundreds digit of 5417729?
7
What is the thousands digit of 6584475?
4
What is the ten thousands digit of 511750?
1
What is the units digit of 4300449?
9
What is the thousands digit of 4098637?
8
What is the hundreds digit of 1069696?
6
What is the units digit of 252308?
8
What is the hundred thousands digit of 643452?
6
What is the units digit of 10454249?
9
What is the units digit of 236748?
8
What is the thousands digit of 2711257?
1
What is the ten thousands digit of 2394757?
9
What is the tens digit of 248582?
8
What is the units digit of 6269461?
1
What is the hundreds digit of 2257632?
6
What is the hundred thousands digit of 117211?
1
What is the tens digit of 42090?
9
What is the thousands digit of 441142?
1
What is the units digit of 329631?
1
What is the hundreds digit of 210310?
3
What is the ten thousands digit of 363711?
6
What is the hundreds digit of 259368?
3
What is the units digit of 2424618?
8
What is the ten thousands digit of 207309?
0
What is the millions digit of 2242282?
2
What is the hundred thousands digit of 589954?
5
What is the hundred thousands digit of 3577230?
5
What is the thousands digit of 1586295?
6
What is the tens digit of 2094199?
9
What is the units digit of 679044?
4
What is the hundred thousands digit of 32978301?
9
What is the ten thousands digit of 710850?
1
What is the millions digit of 3795850?
3
What is the thousands digit of 235720?
5
What is the units digit of 24327213?
3
What is the thousands digit of 231930?
1
What is the hundreds digit of 783529?
5
What is the tens digit of 2088474?
7
What is the millions digit of 10212060?
0
What is the units digit of 4269307?
7
What is the hundreds digit of 252846?
8
What is the hundreds digit of 1876801?
8
What is the thousands digit of 2538176?
8
What is the ten millions digit of 17673775?
1
What is the units digit of 13778734?
4
What is the units digit of 1401373?
3
What is the tens digit of 1125750?
5
What is the hundred thousands digit of 784625?
7
What is the tens digit of 24802013?
1
What is the millions digit of 17512893?
7
What is the tens digit of 96586?
8
What is the millions digit of 16968904?
6
What is the thousands digit of 99672?
9
What is the hundreds digit of 1579440?
4
What is the ten thousands digit of 375533?
7
What is the ten thousands digit of 783461?
8
What is the thousands digit of 6321259?
1
What is the ten thousands digit of 40901?
4
What is the thousands digit of 5054651?
4
What is the ten thousands digit of 633210?
3
What is the thousands digit of 71179?
1
What is the hundred thousands digit of 7211741?
2
What is the hundred thousands digit of 1692379?
6
What is the units digit of 4446715?
5
What is the hundreds digit of 27043582?
5
What is the thousands digit of 3579851?
9
What is the hundred thousands digit of 1895460?
8
What is the units digit of 232875?
5
What is the tens digit of 255229?
2
What is the tens digit of 301755?
5
What is the ten thousands digit of 647586?
4
What is the units digit of 675056?
6
What is the tens digit of 686703?
0
What is the millions digit of 7841190?
7
What is the thousands digit of 1822233?
2
What is the hundreds digit of 5948566?
5
What is the hundreds digit of 2157279?
2
What is the thousands digit of 159774?
9
What is the tens digit of 233478?
7
What is the hundreds digit of 3123930?
9
What is the hundred thousands digit of 11202104?
2
What is the hundred thousands digit of 1674792?
6
What is the hundreds digit of 7504632?
6
What is the ten thousands digit of 58443?
5
What is the hundred thousands digit of 107757?
1
What is the tens digit of 13767724?
2
What is the ten thousands digit of 430168?
3
What is the ten thousands digit of 306983?
0
What is the hundred thousands digit of 671519?
6
What is the thousands digit of 39510?
9
What is the hundreds digit of 53636?
6
What is the tens digit of 2539005?
0
What is the units digit of 141906?
6
What is the thousands digit of 781998?
1
What is the hundreds digit of 2168053?
0
What is the hundred thousands digit of 13810678?
8
What is the hundreds digit of 2489174?
1
What is the thousands digit of 10015974?
5
What is the tens digit of 76866?
6
What is the thousands digit of 671440?
1
What is the units digit of 6042994?
4
What is the units digit of 8487719?
9
What is the ten thousands digit of 3295914?
9
What is the millions digit of 2096935?
2
What is the tens digit of 1017202?
0
What is the thousands digit of 3502024?
2
What is the units digit of 123825?
5
What is the ten thousands digit of 519678?
1
What is the hundred thousands digit of 537604?
5
What is the hundred thousands digit of 244278?
2
What is the units digit of 1831797?
7
What is the units digit of 102678?
8
What is the thousands digit of 663100?
3
What is the thousands digit of 147086?
7
What is the thousands digit of 8447302?
7
What is the units digit of 36971?
1
What is the hundreds digit of 381285?
2
What is the hundred thousands digit of 1504906?
5
What is the tens digit of 221960?
6
What is the ten thousands digit of 8421585?
2
What is the tens digit of 2500977?
7
What is the ten thousands digit of 779994?
7
What is the hundreds digit of 1994712?
7
What is the tens digit of 827125?
2
What is the hundred thousands digit of 321971?
3
What is the hundred thousands digit of 2525851?
5
What is the hundreds digit of 331693?
6
What is the millions digit of 1769758?
1
What is the hundred thousands digit of 17548875?
5
What is the tens digit of 126831?
3
What is the tens digit of 23522426?
2
What is the tens digit of 19650569?
6
What is the tens digit of 4339723?
2
What is the hundreds digit of 768328?
3
What is the ten thousands digit of 2007677?
0
What is the hundreds digit of 6441802?
8
What is the hundred thousands digit of 148257?
1
What is the units digit of 5685037?
7
What is the thousands digit of 322750?
2
What is the units digit of 260382?
2
What is the tens digit of 5160745?
4
What is the units digit of 48454?
4
What is the ten millions digit of 12585942?
1
What is the hundred thousands digit of 1162608?
1
What is the ten thousands digit of 132032?
3
What is the ten thousands digit of 2060301?
6
What is the thousands digit of 681159?
1
What is the hundred thousands digit of 13489634?
4
What is the hundred thousands digit of 868483?
8
What is the units digit of 2609847?
7
What is the hundreds digit of 159283?
2
What is the hundreds digit of 270762?
7
What is the tens digit of 606968?
6
What is the units digit of 24966?
6
What is the ten millions digit of 27315821?
2
What is the thousands digit of 18101085?
1
What is the units digit of 254983?
3
What is the hundreds digit of 96604?
6
What is the hundred thousands digit of 552397?
5
What is the ten thousands digit of 121400?
2
What is the thousands digit of 2018624?
8
What is the hundred thousands digit of 1634310?
6
What is the tens digit of 157670?
7
What is the units digit of 515073?
3
What is the hundred thousands digit of 783612?
7
What is the units digit of 4181587?
7
What is the millions digit of 3831522?
3
What is the hundreds digit of 64360?
3
What is the ten thousands digit of 44034985?
3
What is the ten thousands digit of 3456315?
5
What is the thousands digit of 5118702?
8
What is the ten thousands digit of 16752717?
5
What is the ten thousands digit of 9472248?
7
What is t